vided by 231981?
5
What is the remainder when 889622 is divided by 81?
80
What is the remainder when 1126308 is divided by 219?
210
What is the remainder when 19802 is divided by 4945?
22
Calculate the remainder when 2618 is divided by 2315.
303
What is the remainder when 96974 is divided by 595?
584
Calculate the remainder when 9478 is divided by 664.
182
Calculate the remainder when 10444 is divided by 653.
649
Calculate the remainder when 825039 is divided by 301.
299
Calculate the remainder when 26752 is divided by 3.
1
What is the remainder when 11139 is divided by 585?
24
What is the remainder when 42413 is divided by 3257?
72
Calculate the remainder when 62761 is divided by 6964.
85
What is the remainder when 7561808 is divided by 12?
8
What is the remainder when 59088 is divided by 99?
84
Calculate the remainder when 6027 is divided by 5895.
132
What is the remainder when 12770 is divided by 1387?
287
Calculate the remainder when 12056 is divided by 3009.
20
What is the remainder when 132866 is divided by 57?
56
Calculate the remainder when 529565 is divided by 134.
131
What is the remainder when 1261 is divided by 129?
100
What is the remainder when 3385 is divided by 170?
155
What is the remainder when 180509 is divided by 15?
14
What is the remainder when 184481 is divided by 222?
221
What is the remainder when 11278 is divided by 105?
43
Calculate the remainder when 1474 is divided by 236.
58
What is the remainder when 198764 is divided by 565?
449
What is the remainder when 12698 is divided by 128?
26
Calculate the remainder when 188589 is divided by 2328.
21
What is the remainder when 4238 is divided by 79?
51
What is the remainder when 4700 is divided by 516?
56
What is the remainder when 3550 is divided by 1178?
16
What is the remainder when 164089 is divided by 122?
121
Calculate the remainder when 3211431 is divided by 34.
29
What is the remainder when 154403 is divided by 154379?
24
What is the remainder when 1393 is divided by 144?
97
What is the remainder when 5814 is divided by 5083?
731
Calculate the remainder when 63977 is divided by 21265.
182
Calculate the remainder when 103255 is divided by 99.
97
What is the remainder when 5144 is divided by 155?
29
What is the remainder when 81233 is divided by 580?
33
Calculate the remainder when 711537 is divided by 237178.
3
Calculate the remainder when 39239 is divided by 327.
326
Calculate the remainder when 13548 is divided by 321.
66
What is the remainder when 5571 is divided by 1112?
11
What is the remainder when 1614933 is divided by 502?
501
Calculate the remainder when 7275 is divided by 3574.
127
Calculate the remainder when 510 is divided by 473.
37
What is the remainder when 7512 is divided by 66?
54
Calculate the remainder when 812 is divided by 116.
0
Calculate the remainder when 88156 is divided by 38.
34
What is the remainder when 202070 is divided by 14?
8
Calculate the remainder when 872 is divided by 88.
80
Calculate the remainder when 37021 is divided by 129.
127
Calculate the remainder when 1947 is divided by 195.
192
Calculate the remainder when 23921 is divided by 7965.
26
What is the remainder when 29533 is divided by 9844?
1
What is the remainder when 9592 is divided by 888?
712
Calculate the remainder when 1578 is divided by 313.
13
What is the remainder when 30782 is divided by 993?
992
What is the remainder when 3316 is divided by 180?
76
Calculate the remainder when 11391 is divided by 215.
211
Calculate the remainder when 2177782 is divided by 1044.
1042
Calculate the remainder when 18690 is divided by 301.
28
Calculate the remainder when 17027 is divided by 4236.
83
Calculate the remainder when 5078 is divided by 20.
18
What is the remainder when 8100 is divided by 90?
0
What is the remainder when 1049349 is divided by 25?
24
What is the remainder when 1130195 is divided by 35?
10
Calculate the remainder when 491268 is divided by 249.
240
Calculate the remainder when 2052392 is divided by 7.
6
What is the remainder when 308397 is divided by 13?
11
What is the remainder when 19163 is divided by 6384?
11
Calculate the remainder when 1510 is divided by 728.
54
What is the remainder when 499229 is divided by 124796?
45
Calculate the remainder when 3822 is divided by 243.
177
Calculate the remainder when 11135 is divided by 3709.
8
What is the remainder when 3586 is divided by 1539?
508
Calculate the remainder when 148432 is divided by 101.
63
Calculate the remainder when 148091 is divided by 809.
44
What is the remainder when 60368 is divided by 73?
70
What is the remainder when 56069 is divided by 590?
19
What is the remainder when 4139 is divided by 177?
68
What is the remainder when 53357 is divided by 46?
43
Calculate the remainder when 136955 is divided by 387.
344
Calculate the remainder when 513106 is divided by 23.
22
Calculate the remainder when 2621 is divided by 582.
293
What is the remainder when 14910 is divided by 19?
14
Calculate the remainder when 31865 is divided by 226.
225
Calculate the remainder when 69299 is divided by 350.
349
What is the remainder when 6433 is divided by 264?
97
What is the remainder when 30485 is divided by 148?
145
Calculate the remainder when 5838 is divided by 117.
105
What is the remainder when 102081 is divided by 282?
279
What is the remainder when 35186 is divided by 585?
86
What is the remainder when 108978 is divided by 328?
82
What is the remainder when 13355 is divided by 1027?
4
What is the remainder when 1694 is divided by 254?
170
What is the remainder when 133594 is divided by 1452?
10
Calculate the remainder when 21515 is divided by 85.
10
Calculate the remainder when 10750 is divided by 2463.
898
Calculate the remainder when 8926 is divided by 2230.
6
Calculate the remainder when 902821 is divided by 57.
55
Calculate the remainder when 5933 is divided by 248.
229
Calculate the remainder when 1351 is divided by 234.
181
Calculate the remainder when 627 is divided by 250.
127
Calculate the remainder when 1204011 is divided by 3440.
11
What is the remainder when 31966 is divided by 36?
34
What is the remainder when 8257 is divided by 2750?
7
Calculate the remainder when 6382 is divided by 278.
266
Calculate the remainder when 5845 is divided by 325.
320
What is the remainder when 15314 is divided by 1529?
24
Calculate the remainder when 2882 is divided by 224.
194
What is the remainder when 10755 is divided by 935?
470
Calculate the remainder when 68 is divided by 25.
18
Calculate the remainder when 7098 is divided by 109.
13
What is the remainder when 32440 is divided by 21?
16
What is the remainder when 15494 is divided by 7742?
10
Calculate the remainder when 19860 is divided by 19539.
321
Calculate the remainder when 5127 is divided by 2557.
13
What is the remainder when 173217 is divided by 146?
61
What is the remainder when 4437 is divided by 97?
72
Calculate the remainder when 2842 is divided by 11.
4
What is the remainder when 52705 is divided by 106?
23
Calculate the remainder when 309642 is divided by 9.
6
What is the remainder when 23526 is divided by 14?
6
Calculate the remainder when 118224 is divided by 98.
36
What is the remainder when 88863 is divided by 97?
11
What is the remainder when 54568 is divided by 137?
42
What is the remainder when 26860 is divided by 54?
22
Calculate the remainder when 186624 is divided by 11.
9
What is the remainder when 14266 is divided by 3559?
30
What is the remainder when 7394 is divided by 24?
2
Calculate the remainder when 2138 is divided by 2104.
34
What is the remainder when 12744 is divided by 1803?
123
What is the remainder when 26211 is divided by 673?
637
What is the remainder when 3991 is divided by 77?
64
Calculate the remainder when 1070 is divided by 28.
6
Calculate the remainder when 736334 is divided by 736323.
11
What is the remainder when 7301 is divided by 548?
177
Calculate the remainder when 961 is divided by 172.
101
Calculate the remainder when 14492 is divided by 109.
104
Calculate the remainder when 38400 is divided by 12739.
183
Calculate the remainder when 828 is divided by 224.
156
Calculate the remainder when 4214 is divided by 4213.
1
What is the remainder when 4334 is divided by 1424?
62
Calculate the remainder when 2